hen l is divided by j.
14
Let t = 4095 - 3943. Calculate the remainder when t is divided by 19.
0
Suppose -4*t + 5*x = -104, 263*t + 4*x = 261*t + 26. What is the remainder when 102 is divided by t?
18
Suppose -3064*g + 3074*g - 3880 = 0. Calculate the remainder when g is divided by 54.
10
Let v be -4 + 30/(-6) + 3. What is the remainder when 0 + 4/8 - 135/v is divided by 12?
11
Let s = -42 - -65. What is the remainder when (1 - (2 - 136 - 0)) + (-888)/222 is divided by s?
16
Suppose 2*m = -k + 586, -12*k + 11*k + 9*m = -575. Calculate the remainder when k is divided by 98.
94
Suppose -7*q = 57 - 197. Suppose 5 + 42 = c. Let w = c - q. Calculate the remainder when 52 is divided by w.
25
Let x = 65 + -9. Let q = 52 - x. Let v(s) = s**2 + s. What is the remainder when 21 is divided by v(q)?
9
Let a = -3659 + 3674. What is the remainder when 176 is divided by a?
11
Suppose 5*l + 3*y - 669 = 1183, 3*y - 1484 = -4*l. Let v = l + -189. What is the remainder when v is divided by 15?
14
Suppose -2*c - 22 = -3*z - 106, -c - 4*z + 9 = 0. Calculate the remainder when 134 is divided by c.
2
Suppose 0 = 99*o + 37*o - 131376. Calculate the remainder when o is divided by 20.
6
Calculate the remainder when (7324 - 7/(35/5))/(3/8) is divided by 310.
308
Suppose 8*f = 3*f + 525. Let h = -22846 + 22874. Calculate the remainder when f is divided by h.
21
Let l(i) = i**3 + 39*i**2 + 245*i + 203. What is the remainder when l(-29) is divided by 9?
5
Let b = 70 + -145. Let r = b + 80. Suppose 116 = 5*l + 3*z, -2*l - 5*z + r + 30 = 0. What is the remainder when 95 is divided by l?
20
Suppose -128*m + 129*m - 4*k - 457 = 0, -12 = -2*k. Calculate the remainder when m is divided by 14.
5
Calculate the remainder when (-156)/24*(-2110)/65 is divided by 33.
13
Suppose -49*s - 598 = -72*s. Calculate the remainder when (-1366)/(-11) - (3 + 186/(-66)) is divided by s.
20
Let h be 3897/6*(-104)/(-39). Suppose 3*d = 4*r + 1296, -4*r - h = 9*d - 13*d. Calculate the remainder when d is divided by 11.
7
Suppose 10*u - 4360 = -370. Suppose u = -23*i + 1411. What is the remainder when i is divided by 24?
20
What is the remainder when 736 is divided by -24*-12*5/10?
16
Let b(h) = -h**3 - 19*h**2 + 16*h - 74. Let f be b(-20). Suppose -f*i + 260 = -76. Calculate the remainder when 221 is divided by i.
53
What is the remainder when 7136/6 + (-1)/3 is divided by 171?
163
Let h = 112 - 101. Suppose h*r - 3424 = -21*r. Calculate the remainder when r is divided by 62.
45
Suppose 828 = 8*o - 2*o. Let j(b) = -b**3 + 9*b**2 - 17. Let i(l) = l**2 - 56. Let s be i(-8). Calculate the remainder when o is divided by j(s).
44
Calculate the remainder when (-264)/22 - -1*230 is divided by 13.
10
Suppose 2*d + 2640 = 2*u, 1991 = 3*u + 5*d - 1953. What is the remainder when u is divided by 219?
4
Let m(y) = 12*y - 232. Let q be m(19). Let o(z) = -3*z**3 - 11*z**2 - 9*z. What is the remainder when o(q) is divided by 18?
16
Let u = -1465 - -2298. Calculate the remainder when u is divided by 15.
8
Let y(k) = 3*k + 16. Let w(s) = s + 1. Let i(b) = -2*w(b) + y(b). Let t be ((-48)/(-480)*10)/(2/(-14)). Calculate the remainder when i(t) is divided by 3.
1
Let x = 216 - 145. Suppose -7*a + 2640 = 15*a. Let w = a - x. Calculate the remainder when 95 is divided by w.
46
Suppose 67*y = 72*y - 795. Calculate the remainder when y is divided by 18.
15
Let v(g) = -22*g**2 + 80*g - 36. Suppose -i = -0*i - c - 33, 3*i - 87 = -3*c. Suppose -3 = -2*m + i. What is the remainder when m is divided by v(3)?
5
Suppose c + 11 = 2*f + 3, -5*c = -5*f + 30. Suppose -8*u = f*u. Suppose -6*b + 109 + 41 = u. Calculate the remainder when b is divided by 14.
11
Let y(i) = -832*i - 7475. What is the remainder when 3951 is divided by y(-9)?
12
Let n be 1/(-5) - 1336/20. Let w = -47 - n. Suppose -2*f - 5*h + 33 = -85, -h = -4*f + 236. Calculate the remainder when f is divided by w.
19
Let g(m) = m**3 - 172*m**2 + 676*m + 375. What is the remainder when g(168) is divided by 347?
6
Let w = -21 - -33. Suppose 2*o + j + 28 = 92, 0 = 2*o + 4*j - 58. Suppose 4*n = x - 4*x + 25, o = 4*x + 5*n. Calculate the remainder when w is divided by x.
5
Let h = -44 + 79. Suppose -3*q - 3*t + 8*t - 9 = 0, 2*q - 5*t = -11. Calculate the remainder when h is divided by -2*(q - 7) + -4.
5
Let b = 369 + -142. Suppose -3*k + b = 35. Calculate the remainder when k is divided by 37.
27
Suppose 0 = 2*a - 3*a + 28. Suppose 0*d - 277 = -d. Let k = d + -197. Calculate the remainder when k is divided by a.
24
Let o = 379 - 357. Let u(r) = r - 11. What is the remainder when 196 is divided by u(o)?
9
Let g(t) = 43*t - 845. Calculate the remainder when 42 is divided by g(20).
12
Suppose -4*h + 6*v + 1073 = v, 4*h + 4*v = 1028. What is the remainder when h is divided by 58?
30
Let i(g) = -3*g - 1. Let p be i(-2). Suppose -p*t - f + 1452 = 0, -4*t + 0*f + 5*f = -1150. Calculate the remainder when t/9 - ((-75)/27 - -3) is divided by 10.
2
Suppose -c = 3*m - 15, -3*c + 2*m - 4*m = -31. Suppose c*v - 156 = 3*v. What is the remainder when 77 is divided by v?
25
Suppose -1594 = -28*i - 805 + 1787. Calculate the remainder when 3576 is divided by i.
80
Let f(p) = p**3 + 40*p**2 - 181*p - 213. Let z be (18/(-4))/((-2)/4). Calculate the remainder when z*(12/9 + 0) is divided by f(-44).
5
Suppose 242 = o + 344. Let n be 2/(-5) + (-846)/10. Let t = n - o. Calculate the remainder when 62 is divided by t.
11
Let y(n) = -15*n + 2. Let h(t) = t**3 - 2*t**2 - 79*t + 15. Calculate the remainder when y(-2) is divided by h(-8).
4
Suppose -2*k = -10, 0 = -2*t + 3*t - 3*k - 584. Calculate the remainder when t is divided by 43.
40
Let u = -51 + 59. Suppose -4*g - 5*k = -1664, -k + 8 = -3*k. What is the remainder when g is divided by u?
5
Suppose 269*m = 276*m + 2247. Let g = 391 + m. What is the remainder when 165 is divided by g?
25
Let j = -20 - -47. Let k(p) = -p. Let r(t) = -t**2 - 10*t - 8. Let y(g) = 3*k(g) - r(g). Calculate the remainder when y(7) is divided by j.
25
Let m(w) = -354*w - 1047. Calculate the remainder when 2397 is divided by m(-3).
12
Let z = 13876 + -13864. Let p(x) = -10*x - 1. Let c be p(-10). Suppose -u + c + 19 = 0. What is the remainder when u is divided by z?
10
Suppose 0 = 2*t - 2*b + b + 9, -5*t + 4*b = 18. Let h(s) = -s**3 - 8*s**2 - 11*s + 16. What is the remainder when 29 is divided by h(t)?
9
Let o(a) = -1107*a + 4743. Calculate the remainder when o(4) is divided by 18.
9
Let i be (188/8)/(2*(-2)/(-8)). Let c = i + -40. Suppose -c*x = -0*x - 56. What is the remainder when 28 is divided by x?
4
Let c = -832 - -1504. Suppose -87*u = -555 - 3360. What is the remainder when c is divided by u?
42
Suppose -77 = -4*o - 13. Let h(y) = 3*y**2 - 19*y + 13. Let m be ((-1)/3)/((-3)/27) + 4. What is the remainder when h(m) is divided by o?
11
Let y be (-2568)/16*2/(-3). Let u = y - 22. Let b = 3 - -26. What is the remainder when u is divided by b?
27
Suppose 69 = -3*q - 2*i + 1159, -390 = -q - 4*i. Calculate the remainder when q is divided by (-57 - 0)*(-4)/12.
16
Let d(j) = -10*j**2 - 50*j + 17. Let s = -15 - -7. Calculate the remainder when 1/s*-166*4 is divided by d(-5).
15
Suppose -q + 232 = -3*n, n = 5*q + 6*n - 1120. Suppose 0 = 6*j + 1851 - 2049. Calculate the remainder when q is divided by j.
28
Calculate the remainder when (-22)/363 + 1430085/495 is divided by 8.
1
Suppose -2*l + 0*l = -48. Let p(y) = -207*y + 21. Let a be p(-7). Suppose -9*u + a = 12*u. Calculate the remainder when u is divided by l.
22
Suppose 26*k - 1258 + 351 = 601. Calculate the remainder when 1329 is divided by k.
53
Let n = -28517 + 28591. Calculate the remainder when 678 is divided by n.
12
What is the remainder when 102 is divided by 10 + 33/(-44)*16/(-6)?
6
Let a be -133*(-2 + (-136)/(-84)*-3). Let f = a - 815. What is the remainder when f is divided by 17?
12
Let f = -28318 - -30311. What is the remainder when f is divided by 332?
1
Let q be -4*(9 + -19 + 1/1). Suppose 3*i = q - 0. What is the remainder when i is divided by 3/2 + (-25)/(-10)?
0
Suppose 63*p - 71*p + 32 = 0. Suppose -p + 652 = 18*v. Calculate the remainder when 64 is divided by v.
28
Suppose -2*m + 167 = -x, 12*m - 7*m - 395 = -2*x. Suppose 2*o - m - 43 = 0. What is the remainder when o is divided by 21?
20
Let u be 6/